) in base 14?
-a
Convert 4 (base 14) to base 16.
4
Convert -1110 (base 5) to base 3.
-12202
-130 (base 5) to base 4
-220
-2a (base 13) to base 9
-40
What is -2 (base 9) in base 14?
-2
6 (base 8) to base 16
6
22 (base 11) to base 9
26
11 (base 3) to base 10
4
Convert 7 (base 11) to base 5.
12
4 (base 11) to base 8
4
Convert 67 (base 11) to base 10.
73
Convert -2 (base 14) to base 9.
-2
What is -4 (base 10) in base 6?
-4
Convert -21 (base 4) to base 6.
-13
16 (base 15) to base 16
15
1 (base 13) to base 15
1
Convert -4 (base 5) to base 14.
-4
111 (base 2) to base 7
10
What is 155 (base 7) in base 16?
59
-28 (base 13) to base 4
-202
Convert 10 (base 16) to base 4.
100
Convert -3 (base 12) to base 9.
-3
114 (base 5) to base 14
26
1 (base 2) to base 13
1
9 (base 15) to base 5
14
-95 (base 10) to base 2
-1011111
Convert -152 (base 8) to base 10.
-106
What is 51 (base 11) in base 16?
38
What is -6 (base 14) in base 4?
-12
Convert -102 (base 4) to base 8.
-22
Convert -3 (base 12) to base 11.
-3
-1 (base 4) to base 13
-1
What is -120 (base 6) in base 8?
-60
76 (base 14) to base 5
404
Convert -1a1 (base 12) to base 15.
-12a
What is a8 (base 15) in base 13?
c2
What is -1010001 (base 2) in base 8?
-121
2 (base 10) to base 11
2
What is -4 (base 8) in base 7?
-4
Convert 1b (base 15) to base 10.
26
Convert 23 (base 6) to base 5.
30
Convert -3 (base 4) to base 14.
-3
What is -137 (base 8) in base 2?
-1011111
What is -76 (base 13) in base 9?
-117
-5 (base 16) to base 7
-5
-2 (base 4) to base 2
-10
153 (base 8) to base 16
6b
Convert 23 (base 5) to base 2.
1101
1 (base 8) to base 4
1
What is -286 (base 10) in base 9?
-347
1 (base 15) to base 13
1
Convert -11 (base 4) to base 12.
-5
What is 42 (base 15) in base 11?
57
What is -c (base 16) in base 5?
-22
1 (base 7) to base 11
1
Convert 10 (base 3) to base 4.
3
Convert -dd (base 16) to base 3.
-22012
What is -2 (base 6) in base 12?
-2
1 (base 7) to base 13
1
Convert -6 (base 11) to base 13.
-6
Convert 103 (base 5) to base 13.
22
Convert 0 (base 16) to base 7.
0
What is -20 (base 10) in base 16?
-14
-12 (base 4) to base 15
-6
215 (base 6) to base 12
6b
-11 (base 6) to base 8
-7
-201 (base 4) to base 5
-113
Convert -102010 (base 3) to base 2.
-100101100
11 (base 3) to base 16
4
What is -5 (base 12) in base 10?
-5
What is -116 (base 11) in base 6?
-350
4 (base 11) to base 7
4
-124 (base 6) to base 12
-44
What is -24 (base 6) in base 2?
-10000
What is 2311 (base 4) in base 10?
181
What is -3 (base 7) in base 16?
-3
Convert 58 (base 16) to base 5.
323
113 (base 5) to base 11
30
-46 (base 9) to base 11
-39
1 (base 8) to base 14
1
-46 (base 7) to base 3
-1021
Convert -12 (base 10) to base 7.
-15
What is -63 (base 11) in base 8?
-105
-3 (base 9) to base 6
-3
Convert 86 (base 13) to base 8.
156
Convert 3 (base 6) to base 10.
3
57 (base 8) to base 3
1202
What is 23 (base 8) in base 12?
17
Convert -6 (base 8) to base 3.
-20
What is -34 (base 8) in base 15?
-1d
Convert -2 (base 6) to base 8.
-2
Convert -136 (base 8) to base 13.
-73
-7b (base 16) to base 6
-323
Convert -1 (base 11) to base 16.
-1
Convert 80 (base 9) to base 13.
57
233 (base 4) to base 5
142
What is 3 (base 15) in base 11?
3
What is -28 (base 12) in base 5?
-112
What is -141 (base 6) in base 16?
-3d
What is -243 (base 6) in base 13?
-78
What is 11 (base 12) in base 7?
16
Convert 1010 (base 2) to base 12.
a
Convert b (base 16) to base 4.
23
Convert -151 (base 7) to base 12.
-71
What is 2 (base 15) in base 8?
2
What is -1b (base 12) in base 13?
-1a
What is -214 (base 5) in base 9?
-65
Convert 0 (base 14) to base 16.
0
Convert 2 (base 8) to base 4.
2
35 (base 6) to base 10
23
-30 (base 16) to base 13
-39
Convert 1 (base 7) to base 3.
1
-1030 (base 4) to base 13
-5b
-2 (base 15) to base 3
-2
-3 (base 16) to base 7
-3
Convert 13 (base 6) to base 10.
9
-1 (base 7) to base 14
-1
33 (base 5) to base 13
15
Convert 141 (base 13) to base 9.
266
What is 4 (base 12) in base 9?
4
-54 (base 6) to base 4
-202
Convert -6 (base 13) to base 5.
-11
What is e (base 16) in base 15?
e
What is 0 (base 2) in base 7?
0
Convert -44 (base 11) to base 2.
-110000
What is 3 (base 16) in base 8?
3
1 (base 15) to base 14
1
20 (base 6) to base 16
c
8 (base 12) to base 8
10
-26 (base 11) to base 14
-20
Convert 189 (base 11) to base 7.
431
Convert -21 (base 11) to base 16.
-17
What is -3 (base 8) in base 13?
-3
What is -10 (base 8) in base 16?
-8
What is 4 (base 15) in base 16?
4
What is -1 (base 11) in base 2?
-1
-110 (base 2) to base 10
-6
Convert -1130 (base 4) to base 9.
-112
What is -8 (base 12) in base 4?
-20
Convert -22 (base 5) to base 15.
-c
Convert 115 (base 14) to base 11.
186
What is -13 (base 6) in base 5?
-14
-30 (base 7) to base 12
-19
2 (base 3) to base 7
2
What is 3211 (base 5) in base 9?
528
Convert 2 (base 10) to base 7.
2
-3 (base 16) to base 15
-3
-2 (base 11) to base 4
-2
Convert 23 (base 7) to base 3.
122
Convert 1100 (base 2) to base 13.
c
What is -11000 (base 2) in base 3?
-220
c (base 15) to base 3
110
What is 100 (base 10) in base 2?
1100100
What is 2 (base 15) in base 16?
2
What is -1 (base 16) in base 7?
-1
Convert 76 (base 14) to base 5.
404
What is 60 (base 16) in base 4?
1200
Convert -2 (base 4) to base 2.
-10
Convert 0 (base 11) to base 6.
0
-1 (base 7) to base 3
-1
Convert -21 (base 6) to base 3.
-111
Convert -132 (base 4) to base 9.
-33
-144 (base 8) to base 16
-64
What is 111 (base 2) in base 10?
7
-30 (base 12) to base 8
-44
Convert 2a (base 15) to base 6.
104
What is 111 (base 2) in base 6?
11
What is 1 (base 2) in base 7?
1
What is 2 (base 11) in base 13?
2
What is -5 (base 16) in base 10?
-5
Convert 5c (base 15) to base 9.
106
211 (base 3) to base 6
34
10 (base 2) to base 5
2
What is -4 (base 6) in base 7?
-4
Convert 1 (base 8) to base 12.
1
46 (base 8) to base 9
42
What is -11000011 (base 2) in base 16?
-c3
What is 1132 (base 4) in base 14?
6a
Convert -64 (base 7) to base 2.
-101110
-11 (base 4) to base 9
-5
What is 123 (base 12) in base 2?
10101011
Convert 6 (base 13) to base 3.
20
What is 10 (base 10) in base 6?
14
Convert -11 (base 6) to base 12.
-7
-100001111 (base 2) to base 7
-535
Convert 15 (base 12) to base 7.
23
What is -7a (base 15) in base 10?
-115
Convert -122 (base 4) to base 5.
-101
-2 (base 5) to base 10
-2
-1 (base 6) to base 7
-1
What is 440 (base 5) in base 8?
170
Convert -26 (base 9) to base 15.
-19
Convert 145 (base 7) to base 5.
312
-440 (base 5) to base 12
-a0
What is 3a (base 16) in base 11?
53
Convert -214 (base 10) to base 5.
-1324
What is 12 (base 3) in base 16?
5
Convert -1 (base 3) to base 9.
-1
2 (base 15) to base 14
2
Convert -53 (base 11) to base 4.
-322
Convert -6 (base 12) to base 14.
-6
Convert 0 (base 11) to base 8.
0
What is -51 (base 11) in base 16?
-38
Convert -41 (base 5) to base 10.
-21
What is -11 (base 4) in base 3?
-12
Convert 207 (base 9) to base 7.
331
Convert 1234 (base 6) to base 15.
15a
What is 1 (base 14) in base 4?
1
What is -3 (base 8) in base 16?
-3
What is -2 (base 16) in base 10?
-2
Convert 121020 (base 3) to base 9.
536
10001100 (base 2) to base 11
118
Convert -8 (base 10) to base 15.
-8
1 (base 15) to base 7
1
What is 0 (base 6) in base 7?
0
Convert 2 (base 15) to base 7.
2
Convert 3 (base 6) to base 16.
3
What is 1 (base 13) in base 8?
1
What is -31 (base 14) in base 15?
-2d
Convert 52 (base 8) to base 13.
33
Convert -2 (base 5) to base 2.
-10
143 (base 9) to base 11
aa
1 (base 14) to base 7
1
2 (base 5) to base 9
2
10 (base 6) to base 9
6
1 (base 7) to base 12
1
What is -6 (base 15) in base 11?
-6
What is 0 (base 6) in base 5?
0
What is -3 (base 4) in base 6?
-3
Convert -12 (base 5) to base 9.
-7
-262 (base 8) to base 3
-20121
What is -1 (base 8) in base 11?
-1
What is -22 (base 8) in base 14?
-14
-7 (base 12) to base 10
-7
-86 (base 10) to base 7
-152
Convert 40 (base 11) to base 7.
62
What is 0 (base 11) in base 5?
0
What is -1110 (base 3) in base 12?
-33
Convert c (base 13) to base 7.
15
-3 (base 9) to base 8
-3
-53 (base 8) to base 16
-2b
What is 81 (base 9) in base 7?
133
-1000 (base 3) to base 4
-123
What is 13 (base 6) in base 11?
9
3 (base 16) to base 8
3
What is 101001 (base 2) in base 4?
221
What is 3 (base 7) in base 6?
3
-5 (base 9) to base 3
-12
What is -1011100 (base 2) in base 13?
